s divided by 8726.
3444
What is the remainder when 1800839 is divided by 105931?
12
What is the remainder when 11490 is divided by 3590?
720
Calculate the remainder when 75712895 is divided by 448.
447
What is the remainder when 1950739 is divided by 1237?
1227
What is the remainder when 755466248 is divided by 3290?
3288
What is the remainder when 83031 is divided by 3875?
1656
What is the remainder when 54353 is divided by 54198?
155
What is the remainder when 1705929 is divided by 33?
27
What is the remainder when 308351 is divided by 164?
31
Calculate the remainder when 19982247 is divided by 49.
47
What is the remainder when 509089 is divided by 215?
184
Calculate the remainder when 30721398 is divided by 9.
6
Calculate the remainder when 951367 is divided by 320.
7
What is the remainder when 5505920 is divided by 49?
35
What is the remainder when 30384799 is divided by 24?
7
What is the remainder when 34709 is divided by 8492?
741
Calculate the remainder when 2155515 is divided by 329.
236
What is the remainder when 162516 is divided by 162433?
83
What is the remainder when 2349627 is divided by 382?
327
Calculate the remainder when 252651 is divided by 252571.
80
What is the remainder when 2371792 is divided by 1770?
1762
Calculate the remainder when 551990 is divided by 551668.
322
Calculate the remainder when 1466114 is divided by 21560.
34
What is the remainder when 104929 is divided by 51456?
2017
Calculate the remainder when 194333 is divided by 193510.
823
What is the remainder when 13031 is divided by 6477?
77
Calculate the remainder when 93854135 is divided by 300.
35
Calculate the remainder when 5076765 is divided by 22463.
127
Calculate the remainder when 81528 is divided by 76.
56
Calculate the remainder when 32594403 is divided by 4794.
4791
What is the remainder when 150693 is divided by 548?
541
Calculate the remainder when 395389 is divided by 12753.
46
What is the remainder when 215208 is divided by 214742?
466
Calculate the remainder when 57426183 is divided by 46650.
33
What is the remainder when 276889 is divided by 8143?
27
What is the remainder when 54500010 is divided by 1994?
2
Calculate the remainder when 9077499 is divided by 118.
113
What is the remainder when 303545966 is divided by 10?
6
Calculate the remainder when 14774 is divided by 154.
144
Calculate the remainder when 169870 is divided by 14153.
34
Calculate the remainder when 252986244 is divided by 84328741.
21
What is the remainder when 561881 is divided by 62431?
2
Calculate the remainder when 256152752 is divided by 63.
44
What is the remainder when 2441529 is divided by 488282?
119
What is the remainder when 182592 is divided by 179626?
2966
What is the remainder when 9490822 is divided by 504?
502
Calculate the remainder when 598044 is divided by 305.
244
What is the remainder when 810492 is divided by 16534?
326
Calculate the remainder when 328892 is divided by 576.
572
Calculate the remainder when 245162 is divided by 38723.
12824
Calculate the remainder when 106691 is divided by 7616.
67
Calculate the remainder when 5205466 is divided by 2438.
336
Calculate the remainder when 686877 is divided by 5630.
17
Calculate the remainder when 1780385 is divided by 7.
5
What is the remainder when 1032173 is divided by 4413?
3944
What is the remainder when 82913304 is divided by 5971?
5969
What is the remainder when 788342 is divided by 98?
30
Calculate the remainder when 63276502 is divided by 8950.
2
What is the remainder when 106587186 is divided by 4232?
34
Calculate the remainder when 1371029 is divided by 352.
341
What is the remainder when 1720454 is divided by 578?
326
Calculate the remainder when 43220 is divided by 891.
452
Calculate the remainder when 176660843 is divided by 15.
8
What is the remainder when 16614807 is divided by 1240?
47
What is the remainder when 17851820 is divided by 101?
70
Calculate the remainder when 45071 is divided by 22013.
1045
Calculate the remainder when 1705907 is divided by 4287.
3968
What is the remainder when 78161 is divided by 372?
41
Calculate the remainder when 932488 is divided by 1748.
804
Calculate the remainder when 249140 is divided by 649.
573
What is the remainder when 421112 is divided by 24771?
5
Calculate the remainder when 532573 is divided by 352.
349
What is the remainder when 3814495 is divided by 3037?
23
Calculate the remainder when 2835294 is divided by 472460.
534
Calculate the remainder when 24655 is divided by 2472.
2407
Calculate the remainder when 39184221 is divided by 7987.
7986
Calculate the remainder when 5238476 is divided by 2990.
2986
What is the remainder when 4869431 is divided by 39587?
230
Calculate the remainder when 724311 is divided by 16435.
1171
What is the remainder when 2720845 is divided by 15548?
15493
Calculate the remainder when 114961155 is divided by 5759.
5756
Calculate the remainder when 713710 is divided by 27267.
4768
What is the remainder when 5325038 is divided by 1331187?
290
Calculate the remainder when 12635245 is divided by 4211745.
10
What is the remainder when 3128 is divided by 1310?
508
Calculate the remainder when 393947765 is divided by 1217.
1214
What is the remainder when 1272098 is divided by 1272072?
26
What is the remainder when 42530100 is divided by 56?
4
What is the remainder when 1529845 is divided by 509864?
253
Calculate the remainder when 26596 is divided by 549.
244
Calculate the remainder when 420660 is divided by 29.
15
Calculate the remainder when 38883933 is divided by 273.
270
What is the remainder when 1707078381 is divided by 12109?
12106
What is the remainder when 59895 is divided by 25408?
9079
What is the remainder when 42876731 is divided by 1478505?
86
What is the remainder when 1118536 is divided by 1359?
79
What is the remainder when 1678798 is divided by 167778?
1018
Calculate the remainder when 20582159 is divided by 310.
19
What is the remainder when 1099433 is divided by 68711?
57
Calculate the remainder when 36155 is divided by 415.
50
Calculate the remainder when 2348 is divided by 183.
152
Calculate the remainder when 13959739 is divided by 461.
198
What is the remainder when 9413614 is divided by 679?
637
Calculate the remainder when 9929129 is divided by 268.
265
What is the remainder when 308422 is divided by 335?
222
What is the remainder when 1389587 is divided by 9789?
9338
Calculate the remainder when 290519 is divided by 546.
47
Calculate the remainder when 106352192 is divided by 35450729.
5
What is the remainder when 336076 is divided by 312?
52
Calculate the remainder when 101241 is divided by 101198.
43
What is the remainder when 8876732 is divided by 2101?
7
What is the remainder when 2337237 is divided by 179779?
110
Calculate the remainder when 5081627 is divided by 18546.
23
What is the remainder when 310561 is divided by 3789?
3652
What is the remainder when 1894341 is divided by 777?
15
What is the remainder when 504262 is divided by 100851?
7
What is the remainder when 1125644 is divided by 1125642?
2
Calculate the remainder when 6451649 is divided by 243.
242
What is the remainder when 157326 is divided by 52408?
102
Calculate the remainder when 649865 is divided by 35.
20
Calculate the remainder when 37070 is divided by 4630.
30
What is the remainder when 8137926 is divided by 54?
18
Calculate the remainder when 9512630 is divided by 170.
110
What is the remainder when 3111526 is divided by 11567?
3
Calculate the remainder when 14724619 is divided by 1455.
19
What is the remainder when 3336760 is divided by 318?
304
Calculate the remainder when 22491 is divided by 4821.
3207
What is the remainder when 3692101 is divided by 1846032?
37
What is the remainder when 61817 is divided by 22?
19
What is the remainder when 91179 is divided by 30387?
18
Calculate the remainder when 13046 is divided by 1894.
1682
Calculate the remainder when 5264591 is divided by 901.
48
What is the remainder when 529069 is divided by 12596?
37
What is the remainder when 940206 is divided by 2823?
147
What is the remainder when 16885417 is divided by 527669?
9
Calculate the remainder when 16513 is divided by 1831.
34
Calculate the remainder when 133179289 is divided by 2663.
2659
Calculate the remainder when 134385